{"id":74,"date":"2019-02-23T08:49:30","date_gmt":"2019-02-23T07:49:30","guid":{"rendered":"http:\/\/localhost\/wordpress-4.9.4-fr_fr\/wordpress\/?page_id=74"},"modified":"2021-06-10T15:58:06","modified_gmt":"2021-06-10T13:58:06","slug":"ardeche-haute-loire","status":"publish","type":"page","link":"https:\/\/geridamoto.com\/es\/nos-balades-a-moto\/ardeche-haute-loire\/","title":{"rendered":"Balade en moto en Ard\u00e8che et Haute-Loire"},"content":{"rendered":"<h2><\/h2>\n<h2>L\u2019Ard\u00e8che et la Haute-Loire, une r\u00e9gion id\u00e9ale pour une balade \u00e0 moto<\/h2>\n<p style=\"text-align: left;\"><span style=\"font-weight: 400;\">Avez-vous d\u00e9j\u00e0 fait un petit tour en moto sur le d\u00e9partement ard\u00e9chois\u2009? Et si vous le visitiez autrement qu\u2019en cano\u00eb le long des fameuses gorges de l\u2019Ard\u00e8che\u2009? Cela vaut absolument le coup d\u2019\u0153il\u2009! C\u2019est un bout de terroir proche de la Provence, non loin de Lyon qui a beaucoup \u00e0 offrir. Tous les crit\u00e8res sont r\u00e9unis pour un excellent roadtrip\u00a0: des routes et des virages, de tr\u00e8s beaux villages, une nature verte et luxuriante, des paysages aux d\u00e9cors et panoramas des plus somptueux\u2026 Nous avons bien l\u00e0 un territoire au relief contrast\u00e9 qui s\u00e9pare la vall\u00e9e du Rh\u00f4ne et le Massif central avec ses plateaux, c\u00f4t\u00e9 Haute-Loire. Vous allez en prendre plein les mirettes\u2009!<\/span><\/p>\n<h2>De nombreuses d\u00e9gustations \u00e0 pr\u00e9voir<\/h2>\n<p style=\"text-align: left;\"><span style=\"font-weight: 400;\">Alors, avez-vous d\u00e9j\u00e0 l\u2019eau \u00e0 la bouche\u2009? Attendez, nous ne vous avons pas encore parl\u00e9 des sp\u00e9cialit\u00e9s culinaires et gustatives que vous pourrez savourer lors de ce parcours. Enfourchez vite votre bolide, vous ne serez pas d\u00e9\u00e7u\u2009! L\u2019Ard\u00e8che produit de nombreuses typicit\u00e9s agricoles\u00a0: la ch\u00e2taigne bien s\u00fbr, mais aussi des fruits tels que les cerises et les p\u00eaches. Mais au-del\u00e0 de cela, vous ne pourrez pas manquer les jambons d\u2019Ard\u00e8che, la caillette, les saucisses aux herbes, le fin gras de M\u00e9zenc, le picodon\u2026<\/span><\/p>\n<p style=\"text-align: left;\"><span style=\"font-weight: 400;\">Au niveau des vins, vous pourrez (re)d\u00e9couvrir de multiples c\u00e9pages tr\u00e8s reconnus pour votre plus grand plaisir (et celui de vos papilles, surtout\u2009!)\u00a0: des c\u00f4tes-du-rh\u00f4ne au Saint Joseph en passant par les C\u00f4tes-du-Vivarais et bien d\u2019autres\u2026 Peut-\u00eatre m\u00eame que vous allez vouloir embarquer une caisse de Viognier ou encore une bouteille des C\u00e9vennes ard\u00e9choises\u2009?\u00a0<\/span><\/p>\n<p style=\"text-align: left;\"><span style=\"font-weight: 400;\">En tout cas, cet itin\u00e9raire gourmand rhodanien vous promet des sensations conjugu\u00e9es aux deux roues et aux cinq sens\u2009! Pour tout renseignement sur cette promenade, <\/span><a href=\"https:\/\/geridamoto.com\/contact\/\"><span style=\"font-weight: 400;\">contactez-nous<\/span><\/a><span style=\"font-weight: 400;\">.<\/span><\/p>\n<p>&nbsp;<\/p>\n<p><img loading=\"lazy\" decoding=\"async\" class=\"alignnone wp-image-593 size-medium\" src=\"https:\/\/geridamoto.com\/wp-content\/uploads\/2020\/10\/ardeche-3-300x225.jpg\" alt=\"\" width=\"300\" height=\"225\" srcset=\"https:\/\/geridamoto.com\/wp-content\/uploads\/2020\/10\/ardeche-3-300x225.jpg 300w, https:\/\/geridamoto.com\/wp-content\/uploads\/2020\/10\/ardeche-3-768x576.jpg 768w, https:\/\/geridamoto.com\/wp-content\/uploads\/2020\/10\/ardeche-3-1024x768.jpg 1024w\" sizes=\"auto, (max-width: 300px) 100vw, 300px\" \/><img loading=\"lazy\" decoding=\"async\" class=\"alignnone wp-image-592 size-medium\" src=\"https:\/\/geridamoto.com\/wp-content\/uploads\/2020\/10\/ardeche-2-300x225.jpeg\" alt=\"\" width=\"300\" height=\"225\" srcset=\"https:\/\/geridamoto.com\/wp-content\/uploads\/2020\/10\/ardeche-2-300x225.jpeg 300w, https:\/\/geridamoto.com\/wp-content\/uploads\/2020\/10\/ardeche-2-768x576.jpeg 768w, https:\/\/geridamoto.com\/wp-content\/uploads\/2020\/10\/ardeche-2-1024x768.jpeg 1024w\" sizes=\"auto, (max-width: 300px) 100vw, 300px\" \/><img loading=\"lazy\" decoding=\"async\" class=\"alignnone size-medium wp-image-1009\" src=\"https:\/\/geridamoto.com\/wp-content\/uploads\/2021\/03\/ardeche-brasserie-300x225.jpg\" alt=\"\" width=\"300\" height=\"225\" srcset=\"https:\/\/geridamoto.com\/wp-content\/uploads\/2021\/03\/ardeche-brasserie-300x225.jpg 300w, https:\/\/geridamoto.com\/wp-content\/uploads\/2021\/03\/ardeche-brasserie-768x576.jpg 768w, https:\/\/geridamoto.com\/wp-content\/uploads\/2021\/03\/ardeche-brasserie-1024x768.jpg 1024w\" sizes=\"auto, (max-width: 300px) 100vw, 300px\" \/><\/p>\n","protected":false},"excerpt":{"rendered":"<p>L\u2019Ard\u00e8che et la Haute-Loire, une r\u00e9gion id\u00e9ale pour une balade \u00e0 moto Avez-vous d\u00e9j\u00e0 fait un petit tour en moto sur le d\u00e9partement ard\u00e9chois\u2009? Et si vous le visitiez autrement qu\u2019en cano\u00eb le long des fameuses gorges de l\u2019Ard\u00e8che\u2009? Cela vaut absolument le coup d\u2019\u0153il\u2009! C\u2019est un bout de terroir proche de la Provence, non [&hellip;]<\/p>\n","protected":false},"author":1,"featured_media":0,"parent":13,"menu_order":0,"comment_status":"closed","ping_status":"closed","template":"","meta":{"footnotes":""},"class_list":["post-74","page","type-page","status-publish","hentry"],"translation":{"provider":"WPGlobus","version":"3.0.0","language":"es","enabled_languages":["fr","en","es","de"],"languages":{"fr":{"title":true,"content":true,"excerpt":false},"en":{"title":false,"content":false,"excerpt":false},"es":{"title":false,"content":false,"excerpt":false},"de":{"title":false,"content":false,"excerpt":false}}},"_links":{"self":[{"href":"https:\/\/geridamoto.com\/es\/wp-json\/wp\/v2\/pages\/74","targetHints":{"allow":["GET"]}}],"collection":[{"href":"https:\/\/geridamoto.com\/es\/wp-json\/wp\/v2\/pages"}],"about":[{"href":"https:\/\/geridamoto.com\/es\/wp-json\/wp\/v2\/types\/page"}],"author":[{"embeddable":true,"href":"https:\/\/geridamoto.com\/es\/wp-json\/wp\/v2\/users\/1"}],"replies":[{"embeddable":true,"href":"https:\/\/geridamoto.com\/es\/wp-json\/wp\/v2\/comments?post=74"}],"version-history":[{"count":27,"href":"https:\/\/geridamoto.com\/es\/wp-json\/wp\/v2\/pages\/74\/revisions"}],"predecessor-version":[{"id":1015,"href":"https:\/\/geridamoto.com\/es\/wp-json\/wp\/v2\/pages\/74\/revisions\/1015"}],"up":[{"embeddable":true,"href":"https:\/\/geridamoto.com\/es\/wp-json\/wp\/v2\/pages\/13"}],"wp:attachment":[{"href":"https:\/\/geridamoto.com\/es\/wp-json\/wp\/v2\/media?parent=74"}],"curies":[{"name":"wp","href":"https:\/\/api.w.org\/{rel}","templated":true}]}}

Balade en moto en Ardèche et Haute-Loire

<h2></h2>
<h2>L’Ardèche et la Haute-Loire, une région idéale pour une balade à moto</h2>
<p style="text-align: left;"><span style="font-weight: 400;">Avez-vous déjà fait un petit tour en moto sur le département ardéchois ? Et si vous le visitiez autrement qu’en canoë le long des fameuses gorges de l’Ardèche ? Cela vaut absolument le coup d’œil ! C’est un bout de terroir proche de la Provence, non loin de Lyon qui a beaucoup à offrir. Tous les critères sont réunis pour un excellent roadtrip : des routes et des virages, de très beaux villages, une nature verte et luxuriante, des paysages aux décors et panoramas des plus somptueux… Nous avons bien là un territoire au relief contrasté qui sépare la vallée du Rhône et le Massif central avec ses plateaux, côté Haute-Loire. Vous allez en prendre plein les mirettes !</span></p>
<h2>De nombreuses dégustations à prévoir</h2>
<p style="text-align: left;"><span style="font-weight: 400;">Alors, avez-vous déjà l’eau à la bouche ? Attendez, nous ne vous avons pas encore parlé des spécialités culinaires et gustatives que vous pourrez savourer lors de ce parcours. Enfourchez vite votre bolide, vous ne serez pas déçu ! L’Ardèche produit de nombreuses typicités agricoles : la châtaigne bien sûr, mais aussi des fruits tels que les cerises et les pêches. Mais au-delà de cela, vous ne pourrez pas manquer les jambons d’Ardèche, la caillette, les saucisses aux herbes, le fin gras de Mézenc, le picodon…</span></p>
<p style="text-align: left;"><span style="font-weight: 400;">Au niveau des vins, vous pourrez (re)découvrir de multiples cépages très reconnus pour votre plus grand plaisir (et celui de vos papilles, surtout !) : des côtes-du-rhône au Saint Joseph en passant par les Côtes-du-Vivarais et bien d’autres… Peut-être même que vous allez vouloir embarquer une caisse de Viognier ou encore une bouteille des Cévennes ardéchoises ? </span></p>
<p style="text-align: left;"><span style="font-weight: 400;">En tout cas, cet itinéraire gourmand rhodanien vous promet des sensations conjuguées aux deux roues et aux cinq sens ! Pour tout renseignement sur cette promenade, </span><a href="https://geridamoto.com/contact/"><span style="font-weight: 400;">contactez-nous</span></a><span style="font-weight: 400;">.</span></p>
<p>&nbsp;</p>
<p><img loading="lazy" decoding="async" class="alignnone wp-image-593 size-medium" src="https://geridamoto.com/wp-content/uploads/2020/10/ardeche-3-300x225.jpg" alt="" width="300" height="225" srcset="https://geridamoto.com/wp-content/uploads/2020/10/ardeche-3-300x225.jpg 300w, https://geridamoto.com/wp-content/uploads/2020/10/ardeche-3-768x576.jpg 768w, https://geridamoto.com/wp-content/uploads/2020/10/ardeche-3-1024x768.jpg 1024w" sizes="auto, (max-width: 300px) 100vw, 300px" /><img loading="lazy" decoding="async" class="alignnone wp-image-592 size-medium" src="https://geridamoto.com/wp-content/uploads/2020/10/ardeche-2-300x225.jpeg" alt="" width="300" height="225" srcset="https://geridamoto.com/wp-content/uploads/2020/10/ardeche-2-300x225.jpeg 300w, https://geridamoto.com/wp-content/uploads/2020/10/ardeche-2-768x576.jpeg 768w, https://geridamoto.com/wp-content/uploads/2020/10/ardeche-2-1024x768.jpeg 1024w" sizes="auto, (max-width: 300px) 100vw, 300px" /><img loading="lazy" decoding="async" class="alignnone size-medium wp-image-1009" src="https://geridamoto.com/wp-content/uploads/2021/03/ardeche-brasserie-300x225.jpg" alt="" width="300" height="225" srcset="https://geridamoto.com/wp-content/uploads/2021/03/ardeche-brasserie-300x225.jpg 300w, https://geridamoto.com/wp-content/uploads/2021/03/ardeche-brasserie-768x576.jpg 768w, https://geridamoto.com/wp-content/uploads/2021/03/ardeche-brasserie-1024x768.jpg 1024w" sizes="auto, (max-width: 300px) 100vw, 300px" /></p>

<p>L’Ardèche et la Haute-Loire, une région idéale pour une balade à moto Avez-vous déjà fait un petit tour en moto sur le département ardéchois ? Et si vous le visitiez autrement qu’en canoë le long des fameuses gorges de l’Ardèche ? Cela vaut absolument le coup d’œil ! C’est un bout de terroir proche de la Provence, non [&hellip;]</p>
