{"id":892,"date":"2021-01-05T10:34:30","date_gmt":"2021-01-05T09:34:30","guid":{"rendered":"https:\/\/geridamoto.com\/?page_id=892"},"modified":"2021-02-12T09:57:59","modified_gmt":"2021-02-12T08:57:59","slug":"virages-et-fromages","status":"publish","type":"page","link":"https:\/\/geridamoto.com\/en\/virages-et-fromages\/","title":{"rendered":"Virages et fromages"},"content":{"rendered":"<p>&nbsp;<\/p>\n<p><span style=\"font-weight: 400;\">Vous \u00eates fondus de fromage ET de virages\u2009? La r\u00e9gion Auvergne-Rh\u00f4ne-Alpes c\u2019est 21\u00a0AOP fromag\u00e8res\u2009!<\/span><\/p>\n<p><span style=\"font-weight: 400;\">Alors pour cette balade \u00e0 <\/span><b>th\u00e8me \u00ab\u2009Virages et Fromages\u2009\u00bb<\/b><span style=\"font-weight: 400;\">, voici ce qu\u2019on vous propose\u00a0:<\/span><\/p>\n<p>&nbsp;<\/p>\n<h2><span style=\"font-weight: 400;\">Matin\u00a0:<\/span><\/h2>\n<p><span style=\"font-weight: 400;\">Le matin avec caf\u00e9 et chocolat chaud locaux, quelques viennoiseries. Avec tout \u00e7a, nous sommes par\u00e9s pour enfourcher nos b\u00e9canes\u2009!\u00a0<\/span><\/p>\n<p><span style=\"font-weight: 400;\">Nous voil\u00e0 partis pour 2h30 de pilotage entrecoup\u00e9 par la visite d\u2019un fromager. Nous prendrons le temps de d\u00e9couvrir son savoir-faire, sa personnalit\u00e9 et celles de ses fromages. Vous repartirez avec l\u2019un de ses produits.\u00a0<\/span><\/p>\n<p>&nbsp;<\/p>\n<h2><span style=\"font-weight: 400;\">Midi\u00a0:\u00a0<\/span><\/h2>\n<p><span style=\"font-weight: 400;\">Au d\u00e9jeuner, on se repose, on discute pour mieux repartir bien rassasi\u00e9.<\/span><\/p>\n<p>&nbsp;<\/p>\n<h2><span style=\"font-weight: 400;\">Apr\u00e8s-midi\u00a0:<\/span><\/h2>\n<p><span style=\"font-weight: 400;\">Et voici \u00e0 nouveau une balade de 2\u00a0h\u00a030 de route. Notre parcours sera encore une fois entrecoup\u00e9 d\u2019une nouvelle visite de fromagerie. Encore une belle d\u00e9couverte humaine et gustative \u00e0 l\u2019horizon\u2009!<\/span><\/p>\n<p>&nbsp;<\/p>\n<h2><span style=\"font-weight: 400;\">Fin de journ\u00e9e\u00a0:<\/span><\/h2>\n<p><span style=\"font-weight: 400;\">On a fait nos visites, on a mang\u00e9, on a du fromage \u00e0 d\u00e9guster. Maintenant, 3\u00a0choix s\u2019offrent \u00e0 vous\u00a0:\u00a0<\/span><\/p>\n<p>&nbsp;<\/p>\n<ul>\n<li style=\"font-weight: 400;\" aria-level=\"1\"><span style=\"font-weight: 400;\">Choix n\u00b0\u00a01\u00a0: Repartir avec vos souvenirs et vos fromages pour les d\u00e9guster chez vous.\u00a0<\/span><\/li>\n<li style=\"font-weight: 400;\" aria-level=\"1\"><span style=\"font-weight: 400;\">Choix n\u00b0\u00a02\u00a0: Un ap\u00e9ro fromage, l\u2019occasion d\u2019un ultime moment convivial.\u00a0<\/span><\/li>\n<li style=\"font-weight: 400;\" aria-level=\"1\"><span style=\"font-weight: 400;\">Choix n\u00b0\u00a03\u00a0: Vous avez r\u00e9serv\u00e9 une nuit avec nous, la moto est pos\u00e9e, on vous propose une soir\u00e9e \u00ab\u2009Accords fromages\u2009\u00bb\u2009!<\/span><\/li>\n<\/ul>\n","protected":false},"excerpt":{"rendered":"<p>&nbsp; Vous \u00eates fondus de fromage ET de virages\u2009? La r\u00e9gion Auvergne-Rh\u00f4ne-Alpes c\u2019est 21\u00a0AOP fromag\u00e8res\u2009! Alors pour cette balade \u00e0 th\u00e8me \u00ab\u2009Virages et Fromages\u2009\u00bb, voici ce qu\u2019on vous propose\u00a0: &nbsp; Matin\u00a0: Le matin avec caf\u00e9 et chocolat chaud locaux, quelques viennoiseries. Avec tout \u00e7a, nous sommes par\u00e9s pour enfourcher nos b\u00e9canes\u2009!\u00a0 Nous voil\u00e0 partis pour [&hellip;]<\/p>\n","protected":false},"author":1,"featured_media":0,"parent":0,"menu_order":0,"comment_status":"closed","ping_status":"closed","template":"","meta":{"footnotes":""},"class_list":["post-892","page","type-page","status-publish","hentry"],"translation":{"provider":"WPGlobus","version":"3.0.0","language":"en","enabled_languages":["fr","en","es","de"],"languages":{"fr":{"title":true,"content":true,"excerpt":false},"en":{"title":false,"content":false,"excerpt":false},"es":{"title":false,"content":false,"excerpt":false},"de":{"title":false,"content":false,"excerpt":false}}},"_links":{"self":[{"href":"https:\/\/geridamoto.com\/en\/wp-json\/wp\/v2\/pages\/892","targetHints":{"allow":["GET"]}}],"collection":[{"href":"https:\/\/geridamoto.com\/en\/wp-json\/wp\/v2\/pages"}],"about":[{"href":"https:\/\/geridamoto.com\/en\/wp-json\/wp\/v2\/types\/page"}],"author":[{"embeddable":true,"href":"https:\/\/geridamoto.com\/en\/wp-json\/wp\/v2\/users\/1"}],"replies":[{"embeddable":true,"href":"https:\/\/geridamoto.com\/en\/wp-json\/wp\/v2\/comments?post=892"}],"version-history":[{"count":3,"href":"https:\/\/geridamoto.com\/en\/wp-json\/wp\/v2\/pages\/892\/revisions"}],"predecessor-version":[{"id":950,"href":"https:\/\/geridamoto.com\/en\/wp-json\/wp\/v2\/pages\/892\/revisions\/950"}],"wp:attachment":[{"href":"https:\/\/geridamoto.com\/en\/wp-json\/wp\/v2\/media?parent=892"}],"curies":[{"name":"wp","href":"https:\/\/api.w.org\/{rel}","templated":true}]}}

<p>&nbsp;</p>
<p><span style="font-weight: 400;">Vous êtes fondus de fromage ET de virages ? La région Auvergne-Rhône-Alpes c’est 21 AOP fromagères !</span></p>
<p><span style="font-weight: 400;">Alors pour cette balade à </span><b>thème « Virages et Fromages »</b><span style="font-weight: 400;">, voici ce qu’on vous propose :</span></p>
<p>&nbsp;</p>
<h2><span style="font-weight: 400;">Matin :</span></h2>
<p><span style="font-weight: 400;">Le matin avec café et chocolat chaud locaux, quelques viennoiseries. Avec tout ça, nous sommes parés pour enfourcher nos bécanes ! </span></p>
<p><span style="font-weight: 400;">Nous voilà partis pour 2h30 de pilotage entrecoupé par la visite d’un fromager. Nous prendrons le temps de découvrir son savoir-faire, sa personnalité et celles de ses fromages. Vous repartirez avec l’un de ses produits. </span></p>
<p>&nbsp;</p>
<h2><span style="font-weight: 400;">Midi : </span></h2>
<p><span style="font-weight: 400;">Au déjeuner, on se repose, on discute pour mieux repartir bien rassasié.</span></p>
<p>&nbsp;</p>
<h2><span style="font-weight: 400;">Après-midi :</span></h2>
<p><span style="font-weight: 400;">Et voici à nouveau une balade de 2 h 30 de route. Notre parcours sera encore une fois entrecoupé d’une nouvelle visite de fromagerie. Encore une belle découverte humaine et gustative à l’horizon !</span></p>
<p>&nbsp;</p>
<h2><span style="font-weight: 400;">Fin de journée :</span></h2>
<p><span style="font-weight: 400;">On a fait nos visites, on a mangé, on a du fromage à déguster. Maintenant, 3 choix s’offrent à vous : </span></p>
<p>&nbsp;</p>
<ul>
<li style="font-weight: 400;" aria-level="1"><span style="font-weight: 400;">Choix n° 1 : Repartir avec vos souvenirs et vos fromages pour les déguster chez vous. </span></li>
<li style="font-weight: 400;" aria-level="1"><span style="font-weight: 400;">Choix n° 2 : Un apéro fromage, l’occasion d’un ultime moment convivial. </span></li>
<li style="font-weight: 400;" aria-level="1"><span style="font-weight: 400;">Choix n° 3 : Vous avez réservé une nuit avec nous, la moto est posée, on vous propose une soirée « Accords fromages » !</span></li>
</ul>

<p>&nbsp; Vous êtes fondus de fromage ET de virages ? La région Auvergne-Rhône-Alpes c’est 21 AOP fromagères ! Alors pour cette balade à thème « Virages et Fromages », voici ce qu’on vous propose : &nbsp; Matin : Le matin avec café et chocolat chaud locaux, quelques viennoiseries. Avec tout ça, nous sommes parés pour enfourcher nos bécanes !  Nous voilà partis pour [&hellip;]</p>
