{"id":562,"date":"2020-10-28T15:10:23","date_gmt":"2020-10-28T14:10:23","guid":{"rendered":"https:\/\/geridamoto.com\/?page_id=562"},"modified":"2020-11-25T16:47:44","modified_gmt":"2020-11-25T15:47:44","slug":"tarifs-groupes-10-personnes","status":"publish","type":"page","link":"https:\/\/geridamoto.com\/en\/tarifs-groupes-10-personnes\/","title":{"rendered":"Tarifs groupes 10 personnes"},"content":{"rendered":"<p>Nous pouvons vous r\u00e9aliser un chiffrage sur mesure si vous ne trouvez pas exactement ce que vous voulez, on s&#8217;adapte \u00e0 vous!!! <a href=\"https:\/\/geridamoto.com\/contact\/\">Contactez nous.<\/a><\/p>\r\n<h1>Balade pique nique local: 600\u20ac<\/h1>\r\n<h1>60\u20ac \/ personne<\/h1>\r\n<ul>\r\n<li style=\"font-weight: 400;\"><span style=\"font-weight: 400;\">5h de balade moto entrecoup\u00e9 de 2 visites de producteurs<\/span><\/li>\r\n<li style=\"font-weight: 400;\"><span style=\"font-weight: 400;\">D\u00e9gustation de viennoiseries ou p\u00e2tisseries locales le matin<\/span><\/li>\r\n<li style=\"font-weight: 400;\"><span style=\"font-weight: 400;\">pique nique fait avec des produits bio de la r\u00e9gion\u00a0 en provenance\u00a0 des producteurs le midi<\/span><\/li>\r\n<li style=\"font-weight: 400;\"><span style=\"font-weight: 400;\">Ap\u00e9ro(avec ou sans alcool au choix) sur place ou \u00e0 emporter en fin de journ\u00e9e<\/span><\/li>\r\n<\/ul>\r\n<p>&nbsp;<\/p>\r\n<h1>Balade restaurant local: 850\u20ac<\/h1>\r\n<h1>85\u20ac \/ personne<\/h1>\r\n<ul>\r\n<li style=\"font-weight: 400;\"><span style=\"font-weight: 400;\">5h de balade moto entrecoup\u00e9 de 2 visites de producteurs<\/span><\/li>\r\n<li style=\"font-weight: 400;\"><span style=\"font-weight: 400;\">D\u00e9gustation de viennoiseries ou p\u00e2tisseries locales le matin<\/span><\/li>\r\n<li style=\"font-weight: 400;\"><span style=\"font-weight: 400;\"><span style=\"color: #ff0000;\">Restaurant le midi<\/span> avec des produits locaux<\/span><\/li>\r\n<li style=\"font-weight: 400;\"><span style=\"font-weight: 400;\">Ap\u00e9ro produits locaux(avec ou sans alcool au choix) sur place ou \u00e0 emporter<\/span><\/li>\r\n<\/ul>\r\n<p>&nbsp;<\/p>\r\n<h1>Balade pension compl\u00e8te: 1800\u20ac<\/h1>\r\n<h1>180\u20ac \/ personne<\/h1>\r\n<ul>\r\n<li style=\"font-weight: 400;\"><span style=\"font-weight: 400;\">5h de balade moto entrecoup\u00e9 de 2 visites de producteurs<\/span><\/li>\r\n<li style=\"font-weight: 400;\"><span style=\"font-weight: 400;\">D\u00e9gustation de viennoiseries ou p\u00e2tisseries locales le matin<\/span><\/li>\r\n<li style=\"font-weight: 400;\"><span style=\"font-weight: 400;\"><span style=\"color: #000000;\">Restaurant le midi<\/span> avec des produits locaux<\/span><\/li>\r\n<li style=\"font-weight: 400;\"><span style=\"font-weight: 400;\">Ap\u00e9ro produits locaux(avec ou sans alcool au choix) sur place\u00a0<\/span><\/li>\r\n<li><span style=\"font-weight: 400; color: #ff0000;\">Repas du soir, nuit et petit d\u00e9jeuner inclus<\/span><\/li>\r\n<\/ul>\r\n<h1>\u00a0<\/h1>\r\n<h1>Balade week-end: 2300\u20ac<\/h1>\r\n<h1>230\u20ac \/ personnes<\/h1>\r\n<ul>\r\n<li style=\"font-weight: 400;\"><span style=\"font-weight: 400;\"><span style=\"color: #ff0000;\">8h<\/span> de balade moto sur une journ\u00e9e <span style=\"color: #ff0000;\">et une matin\u00e9e entrecoup\u00e9 de 3 visites de producteurs<\/span><\/span><\/li>\r\n<li style=\"font-weight: 400;\"><span style=\"font-weight: 400;\">D\u00e9gustation de viennoiseries ou p\u00e2tisseries locales le matin<\/span><\/li>\r\n<li style=\"font-weight: 400;\"><span style=\"font-weight: 400;\"><span style=\"color: #000000;\"><span style=\"color: #ff0000;\">2 restaurants<\/span> les midis<\/span> avec des produits locaux<\/span><\/li>\r\n<li style=\"font-weight: 400;\"><span style=\"font-weight: 400;\">Ap\u00e9ro produits locaux(avec ou sans alcool au choix) sur place\u00a0<\/span><\/li>\r\n<li><span style=\"font-weight: 400; color: #000000;\">Repas du soir, nuit et petit d\u00e9jeuner inclus<\/span><\/li>\r\n<\/ul>\r\n<p>&nbsp;<\/p>\r\n<p>Vous pouvez modifier votre balade <span style=\"font-size: 1rem;\">apr\u00e8s <\/span>r\u00e9servation jusqu&#8217;\u00e0 1 moi avant la date pr\u00e9vue.<\/p>\r\n<p>Autres d\u00e9parts possibles, nous contacter.<\/p>\r\n<!-- \/wp:paragraph -->\r\n\r\n<!-- wp:paragraph --><!-- \/wp:paragraph -->\r\n\r\n<!-- wp:paragraph -->\r\n<p>Non Compris dans l\u2019offre : Les assurances annulation et rapatriement \/ La 1\/2 pension si arriv\u00e9e la veille \/ Le carburant moto<\/p>","protected":false},"excerpt":{"rendered":"<p>Nous pouvons vous r\u00e9aliser un chiffrage sur mesure si vous ne trouvez pas exactement ce que vous voulez, on s&#8217;adapte \u00e0 vous!!! Contactez nous. Balade pique nique local: 600\u20ac 60\u20ac \/ personne 5h de balade moto entrecoup\u00e9 de 2 visites de producteurs D\u00e9gustation de viennoiseries ou p\u00e2tisseries locales le matin pique nique fait avec des [&hellip;]<\/p>\n","protected":false},"author":1,"featured_media":0,"parent":0,"menu_order":0,"comment_status":"closed","ping_status":"closed","template":"","meta":{"footnotes":""},"class_list":["post-562","page","type-page","status-publish","hentry"],"translation":{"provider":"WPGlobus","version":"3.0.0","language":"en","enabled_languages":["fr","en","es","de"],"languages":{"fr":{"title":true,"content":true,"excerpt":false},"en":{"title":false,"content":false,"excerpt":false},"es":{"title":false,"content":false,"excerpt":false},"de":{"title":false,"content":false,"excerpt":false}}},"_links":{"self":[{"href":"https:\/\/geridamoto.com\/en\/wp-json\/wp\/v2\/pages\/562","targetHints":{"allow":["GET"]}}],"collection":[{"href":"https:\/\/geridamoto.com\/en\/wp-json\/wp\/v2\/pages"}],"about":[{"href":"https:\/\/geridamoto.com\/en\/wp-json\/wp\/v2\/types\/page"}],"author":[{"embeddable":true,"href":"https:\/\/geridamoto.com\/en\/wp-json\/wp\/v2\/users\/1"}],"replies":[{"embeddable":true,"href":"https:\/\/geridamoto.com\/en\/wp-json\/wp\/v2\/comments?post=562"}],"version-history":[{"count":13,"href":"https:\/\/geridamoto.com\/en\/wp-json\/wp\/v2\/pages\/562\/revisions"}],"predecessor-version":[{"id":815,"href":"https:\/\/geridamoto.com\/en\/wp-json\/wp\/v2\/pages\/562\/revisions\/815"}],"wp:attachment":[{"href":"https:\/\/geridamoto.com\/en\/wp-json\/wp\/v2\/media?parent=562"}],"curies":[{"name":"wp","href":"https:\/\/api.w.org\/{rel}","templated":true}]}}

<p>Nous pouvons vous réaliser un chiffrage sur mesure si vous ne trouvez pas exactement ce que vous voulez, on s&#8217;adapte à vous!!! <a href="https://geridamoto.com/contact/">Contactez nous.</a></p>
<h1>Balade pique nique local: 600€</h1>
<h1>60€ / personne</h1>
<ul>
<li style="font-weight: 400;"><span style="font-weight: 400;">5h de balade moto entrecoupé de 2 visites de producteurs</span></li>
<li style="font-weight: 400;"><span style="font-weight: 400;">Dégustation de viennoiseries ou pâtisseries locales le matin</span></li>
<li style="font-weight: 400;"><span style="font-weight: 400;">pique nique fait avec des produits bio de la région  en provenance  des producteurs le midi</span></li>
<li style="font-weight: 400;"><span style="font-weight: 400;">Apéro(avec ou sans alcool au choix) sur place ou à emporter en fin de journée</span></li>
</ul>
<p>&nbsp;</p>
<h1>Balade restaurant local: 850€</h1>
<h1>85€ / personne</h1>
<ul>
<li style="font-weight: 400;"><span style="font-weight: 400;">5h de balade moto entrecoupé de 2 visites de producteurs</span></li>
<li style="font-weight: 400;"><span style="font-weight: 400;">Dégustation de viennoiseries ou pâtisseries locales le matin</span></li>
<li style="font-weight: 400;"><span style="font-weight: 400;"><span style="color: #ff0000;">Restaurant le midi</span> avec des produits locaux</span></li>
<li style="font-weight: 400;"><span style="font-weight: 400;">Apéro produits locaux(avec ou sans alcool au choix) sur place ou à emporter</span></li>
</ul>
<p>&nbsp;</p>
<h1>Balade pension complète: 1800€</h1>
<h1>180€ / personne</h1>
<ul>
<li style="font-weight: 400;"><span style="font-weight: 400;">5h de balade moto entrecoupé de 2 visites de producteurs</span></li>
<li style="font-weight: 400;"><span style="font-weight: 400;">Dégustation de viennoiseries ou pâtisseries locales le matin</span></li>
<li style="font-weight: 400;"><span style="font-weight: 400;"><span style="color: #000000;">Restaurant le midi</span> avec des produits locaux</span></li>
<li style="font-weight: 400;"><span style="font-weight: 400;">Apéro produits locaux(avec ou sans alcool au choix) sur place </span></li>
<li><span style="font-weight: 400; color: #ff0000;">Repas du soir, nuit et petit déjeuner inclus</span></li>
</ul>
<h1> </h1>
<h1>Balade week-end: 2300€</h1>
<h1>230€ / personnes</h1>
<ul>
<li style="font-weight: 400;"><span style="font-weight: 400;"><span style="color: #ff0000;">8h</span> de balade moto sur une journée <span style="color: #ff0000;">et une matinée entrecoupé de 3 visites de producteurs</span></span></li>
<li style="font-weight: 400;"><span style="font-weight: 400;">Dégustation de viennoiseries ou pâtisseries locales le matin</span></li>
<li style="font-weight: 400;"><span style="font-weight: 400;"><span style="color: #000000;"><span style="color: #ff0000;">2 restaurants</span> les midis</span> avec des produits locaux</span></li>
<li style="font-weight: 400;"><span style="font-weight: 400;">Apéro produits locaux(avec ou sans alcool au choix) sur place </span></li>
<li><span style="font-weight: 400; color: #000000;">Repas du soir, nuit et petit déjeuner inclus</span></li>
</ul>
<p>&nbsp;</p>
<p>Vous pouvez modifier votre balade <span style="font-size: 1rem;">après </span>réservation jusqu&#8217;à 1 moi avant la date prévue.</p>
<p>Autres départs possibles, nous contacter.</p>
<!-- /wp:paragraph -->

<!-- wp:paragraph --><!-- /wp:paragraph -->

<!-- wp:paragraph -->
<p>Non Compris dans l’offre : Les assurances annulation et rapatriement / La 1/2 pension si arrivée la veille / Le carburant moto</p>

<p>Nous pouvons vous réaliser un chiffrage sur mesure si vous ne trouvez pas exactement ce que vous voulez, on s&#8217;adapte à vous!!! Contactez nous. Balade pique nique local: 600€ 60€ / personne 5h de balade moto entrecoupé de 2 visites de producteurs Dégustation de viennoiseries ou pâtisseries locales le matin pique nique fait avec des [&hellip;]</p>
